22
Let y = 99 + -93. Suppose -y = -39*g + 36*g. What is the greatest common factor of 22 and g?
2
Suppose -688 = -3*b + 2324. Let p be 8/14 + b/7. Let a(j) = -j + 16. Let i be a(0). What is the highest common factor of i and p?
16
Suppose -4*y = 2*x + 74, -6*y + 2*y + 3*x - 89 = 0. Let a = 20 + y. Let r be 52/(a + 4) + -3. Calculate the highest common divisor of 1 and r.
1
Suppose 5*a = 30 + 245. Let g(u) = 0*u - 30 + 15*u + u**3 - 72*u**2 + 59*u**2 + 5. Let n be g(12). What is the highest common factor of n and a?
11
Suppose -170 = -5*p - 0*p. Suppose -270 = -3*w - 8*z + 3*z, 4*z = 12. Calculate the greatest common factor of w and p.
17
Suppose 5*w - 139 - 56 = 0. Calculate the highest common divisor of 117 and w.
39
Let o(m) = m**2 - 16*m + 41. Suppose 2*k - 367 = -339. Let p be o(k). Calculate the highest common divisor of p and 78.
13
Let i(u) = 2*u - 12. Let x be i(8). Let j(a) = 114*a + 350. Let p be j(-3). What is the highest common divisor of p and x?
4
Let t = -128 - -246. Suppose 0 = -2*r + 2*z + 50, 0*r - t = -5*r - 2*z. Calculate the highest common divisor of r and 24.
24
Let o(f) = -19*f. Let q be o(-4). Suppose 0 = k - 12*k + 330. Let r = -11 + k. What is the highest common divisor of r and q?
19
Let c(b) = 2*b + 66. Let j be c(-17). Calculate the highest common factor of 416 and j.
32
Let o be ((-66)/(-5))/(6/20). Suppose -y + 0*y = 4*c - o, -3*y - 33 = -3*c. Calculate the highest common factor of 11 and c.
11
Let f = -815 - -856. What is the greatest common divisor of 1189 and f?
41
Suppose 0 = -18*a + 23*a + 75. Let v be (-418)/a - (-12)/90. Let d = 21 + -7. What is the greatest common divisor of d and v?
14
Suppose 0 = -5*n - 44 + 24. Let q be (8/(-2))/(n/6). Calculate the highest common factor of q and 24.
6
Let l(p) = -p**3 + 9*p**2 + 8*p + 24. Let x be l(10). Suppose 4*a + 52 = x*h, 0 = 5*h + 2*a - 4*a - 68. What is the greatest common factor of h and 98?
14
Suppose 3*u + 2*u - 425 = 0. Let n(l) = -2*l**2 + 34*l - 29. Let b be n(16). Let t be ((-95)/(-30) - b) + 203/6. Calculate the highest common factor of t and u.
17
Let w be (-2)/(-4) + (-818)/(-4). Let b be ((-369)/2)/(-3)*152/228. What is the greatest common factor of w and b?
41
Let i = -28 - -33. Suppose -y + i*z + 65 = 4*y, 2*z = -8. Calculate the greatest common divisor of y and 99.
9
Let b(u) = 9*u + 1. Let f be b(2). Suppose -m + 2*l = -f, 11 = -3*l - 1. Calculate the greatest common factor of m and 11.
11
Suppose 4*z = 9*z - 390. Let r = z - -15. Calculate the highest common divisor of r and 62.
31
Suppose -h - 2 = -92. Let o(d) = 3*d + 36. Let k be o(-15). Let s(v) = -4*v - 18. Let j be s(k). Calculate the greatest common divisor of j and h.
18
Let x(g) = g. Let k(r) = 7*r + 6. Let b(n) = -k(n) + 6*x(n). Let h be 0 + 1 - 12 - 0. Let m be b(h). Calculate the greatest common factor of m and 25.
5
Let y = -98 - -224. Let m = -90 + y. Calculate the highest common factor of 18 and m.
18
Let r(f) = f**3 - 6*f**2 - 6*f + 1. Let x be r(8). What is the highest common factor of x and 135?
27
Let q(r) = -r - 6. Let c be q(-10). Let t = -3 + 7. Suppose -x - 60 = -t*n - 17, n + 2*x - c = 0. Calculate the highest common factor of n and 5.
5
Suppose 8*u = 7*u - 8. Let h be (-2)/(-8) + (-302)/u. Suppose 0*d + d - 1 = 0, i + d - 58 = 0. What is the greatest common divisor of h and i?
19
Let i = 114 - 112. Suppose 0 = i*m - 0 - 2. What is the highest common divisor of m and 8?
1
Suppose 0 = 4*x + 4 - 64. Suppose 10*j - 134 = -2*c + 14*j, 320 = 4*c + 5*j. Calculate the highest common factor of x and c.
15
Let t(w) = -4*w**2 + 22*w - 6. Let f be t(4). What is the highest common factor of f and 9?
9
Suppose 0 = -13*r + 9*r + 8. Let m(z) = -4*z**2 + 6*z**3 - 3 - 3*z**3 - r*z**3 + z - 3*z**2. Let g be m(7). Calculate the greatest common divisor of g and 4.
4
Suppose -14 = 5*z - 12*z. Suppose m = 3*n + 84, 2*n + z = -4. Let i be 4/(-6) + 276/9. Calculate the greatest common factor of m and i.
15
Suppose 389 - 101 = 3*h. Let j = h + -39. Let o(r) = 5*r - 6. Let f be o(5). What is the greatest common factor of f and j?
19
Let o be 9/(-4)*(-248)/93. Calculate the greatest common factor of 942 and o.
6
Let j(c) = 3*c - 26. Let y be j(11). Suppose 1134 = y*p + 2*p. Let h = 1 - -17. What is the highest common factor of h and p?
18
Let d be (4/(-3))/((-2)/9). Suppose 48*h - 61*h = -78. Calculate the highest common divisor of h and d.
6
Let w be 2812/(-222)*6/(-8)*2. Suppose -211 + 59 = -2*d. What is the highest common divisor of w and d?
19
Let i = -23 - -24. Let y(j) = 34*j - 2. Let m be y(i). What is the highest common factor of m and 4?
4
Let u(f) = f**3 - 5*f**2 - 17*f - 1. Let v be u(8). Suppose -2*o - 2*o + 132 = 0. Let b be (o/12)/((-2)/(-8)). What is the greatest common divisor of v and b?
11
Let n be (5 + -7 - -2) + 534 + 10. Calculate the greatest common divisor of 68 and n.
68
Let q(b) = b**2 + 17*b - 42. Let k be q(-22). What is the greatest common divisor of 170 and k?
34
Suppose -v = 4*c - 6, -4*c = -0*c - 4. Let y(w) = 2*w**2 - 4*w + 3. Let k be y(v). Let h = -4 + 7. What is the greatest common divisor of k and h?
3
Let g be (9/(-54)*-20)/((-2)/(-36)). What is the highest common divisor of g and 40?
20
Suppose -5*k = -0*k + 2*w + 23, -2*w + 4 = -4*k. Let u be ((-9)/6)/(k/150). What is the greatest common factor of u and 15?
15
Suppose 141 = 8*j - 51. Suppose -k - 3*u + 10 = 0, k + 4*u + 3 = 17. Let w be (-5 - -11)/(k/(-12)). What is the greatest common factor of w and j?
12
Suppose 4*z + 139 = 643. Calculate the greatest common divisor of z and 14.
14
Let k be (92/(-6))/((-2)/3). Let n be 2628/57 + (-2)/19. What is the highest common factor of n and k?
23
Let m = -3 + 7. Suppose 2*h + 180 = 4*q, 7*q - 4*h = m*q + 135. Calculate the highest common divisor of q and 5.
5
Let s(z) be the first derivative of -z**3/3 - 11*z**2/2 - 10*z + 28. Let h be s(-9). What is the greatest common factor of h and 88?
8
Let g(d) = -2*d - 13. Let o be g(-9). Suppose 3*b + 2*b + 3*c - 27 = 0, o*b - 31 = c. Calculate the greatest common factor of 36 and b.
6
Let r = -538 - -923. Suppose -4*w + 131 = -3*l, 2*w + 0*l = -3*l + 79. Calculate the greatest common divisor of r and w.
35
Let v(n) = 3*n - 42. Let j be v(14). Let y be 16 + -2 + 2 + j. What is the greatest common factor of 80 and y?
16
Suppose 55*j - 264 = 49*j. What is the highest common divisor of 11 and j?
11
Let d = -802 - -813. Calculate the greatest common factor of d and 913.
11
Suppose 4*h + 0*h = 5*q - 1066, 3*h = 2*q - 796. Let i be (-1 - 6/(-10)) + h/(-10). Let c = 34 + -21. What is the greatest common divisor of c and i?
13
Let c(w) = 18*w**3 + 5*w**2 - 4*w - 4. Let n be c(2). Calculate the greatest common divisor of 209 and n.
19
Suppose 69*q = 25*q + 5280. What is the greatest common divisor of q and 12?
12
Let g(a) = a**3 + 35*a**2 - 41*a - 143. Let t be g(-36). What is the greatest common factor of 1406 and t?
37
Let l(u) = -5*u**2 - 41*u + 27. Let x be l(-7). What is the greatest common factor of x and 1173?
69
Suppose 5*y = 392 - 52. Suppose -j = 5*p - 51, 3*j - p - 37 = y. Let h = j + -22. Calculate the greatest common factor of 56 and h.
14
Suppose 0 = 2*y - 9 + 1. Let o(h) = 2*h**2 - 32*h + 132. Let t be o(4). What is the highest common factor of t and y?
4
Suppose -43*b = -32*b - 66. What is the highest common factor of b and 396?
6
Let w = 66 + -4. Let v = -40 + w. What is the greatest common divisor of 110 and v?
22
Let f = -355 + 370. What is the greatest common factor of f and 6?
3
Let i = 619 + -253. What is the highest common factor of i and 12?
6
Let d = 31 + -4. Suppose -17*h + 1102 - 949 = 0. Calculate the highest common factor of d and h.
9
Let g = -199 - -197. Let l be 1/g + 22/4. Let t(c) = -c**3 + 3*c**2 + 1. Let r be t(3). Calculate the greatest common factor of r and l.
1
Let x(r) = 8*r**2 + 6*r - 78. Let b be x(4). Calculate the highest common factor of 1258 and b.
74
Let a be (4 + 8/(-4))*8. Suppose 3*d - 14 = -5*i, 4*i - 5*d = 5*i - a. Let n = 67 + -59. Calculate the highest common divisor of n and i.
1
Suppose 3*z = -30 - 21. Let j = z + 45. Calculate the greatest common divisor of 224 and j.
28
Suppose 0 = -79*r + 100*r - 7917. What is the highest common divisor of r and 87?
29
Let s be -7*8/(-3)